be 1*9*(u - 11). What is the highest common divisor of m and 81?
9
Suppose 5*o - 2*k = -13 + 93, 2*k + 32 = 2*o. Suppose 0 = -9*x + 8*x + o. What is the highest common factor of x and 4?
4
Let y = 129 + -33. Suppose 4*w + 4*i + 108 = -0*i, 5*w - 4*i = -117. Let v = w - -37. What is the highest common divisor of v and y?
12
Let k = 11 - -81. Suppose 5 = -2*h - 5*r + 1, 4*h = -3*r - 8. Let j be h - ((-75)/3 - 0). What is the highest common divisor of j and k?
23
Suppose -x + 159 = -4*i, 0*x + x = i + 168. Calculate the highest common divisor of x and 114.
57
Suppose -2*y + 63 = -587. Calculate the highest common factor of 26 and y.
13
Suppose -5*g - 23 = x, -4*x = -4*g + g. Let i be (13/(-5) - x) + (-252)/(-20). Calculate the greatest common divisor of 117 and i.
13
Let o be (-46)/184 + (-69)/(-4). What is the greatest common divisor of 391 and o?
17
Let z = 27 + -24. Let o be 2 - z/(6/(-32)). Suppose -o = -c + 10. What is the greatest common divisor of c and 14?
14
Suppose 2*y - 132 = 4*f, 0 = -y - 3*y - 4*f + 252. What is the greatest common factor of y and 36?
4
Let g = -27 - -33. Suppose -g*t + 54 = -3*t. Suppose 0 = -3*q + q + 12. Calculate the greatest common divisor of t and q.
6
Let l = -62 + 114. What is the highest common factor of l and 312?
52
Let n be (-20)/45 - (-3210)/54. Let w(x) = 3*x**3 - 3*x**2 - 3*x. Let u be w(-2). Let s = n + u. What is the highest common factor of 261 and s?
29
Let t be (-3 - -2 - -8) + 5. Calculate the greatest common divisor of 252 and t.
12
Let i(m) be the first derivative of -m**3/3 - m**2/2 - 3. Let w be i(3). Let t be (1 + 80)*(-4)/w. Calculate the highest common divisor of t and 9.
9
Let m(p) = 4*p**3 - 4*p**2 + 13*p - 64. Let d be m(4). Let x = 20 + -5. Calculate the highest common divisor of d and x.
15
Let h be (-8)/(-2) + (7 - (-40)/(-8)). Let x be 2/9 - 2150/(-45). What is the highest common factor of x and h?
6
Suppose h - 4*a - 201 = 0, -3*h + 5*a = -8*h + 1055. What is the greatest common factor of h and 22?
11
Let f = -7 + -5. Let a be (0 + f/8)/((-3)/18). Calculate the highest common divisor of 54 and a.
9
Let k(z) = -34*z + 2. Let l be k(-2). Let y(n) be the first derivative of -n**3/3 + 7*n**2/2 - 1. Let g be y(5). What is the highest common factor of l and g?
10
Suppose -5*u - 4*v + 436 = -v, 2*u = 3*v + 166. Suppose 6*x = -2 + u. What is the greatest common factor of x and 2?
2
Let b(i) be the third derivative of i**5/30 + i**4/2 - 3*i**3 + 17*i**2. Let t be b(-8). Calculate the greatest common divisor of t and 70.
14
Let h be (-2)/7 + (-1846)/(-91). Suppose 3680 = -30*g + 76*g. Calculate the greatest common divisor of g and h.
20
Suppose 2*r = -13*i + 11*i + 16, 2*i - 5*r = -12. What is the greatest common factor of 22 and i?
2
Let t(c) = -10*c - 35. Let y be t(-8). What is the highest common factor of y and 255?
15
Let z(o) be the second derivative of 34*o**4/3 + o**3/3 + o**2 + 11*o. Let j be z(-1). Calculate the highest common divisor of 17 and j.
17
Suppose 0 = -6*f - 2447 + 2537. Let g(h) = 2*h**2 + 3*h + 1. Let j be g(7). Calculate the greatest common factor of f and j.
15
Let r be (-8 + 0)*(-1 + 0). Let t = 14 - r. Suppose 28 = q + t. Calculate the greatest common divisor of 33 and q.
11
Let j = 783 - 776. Suppose 3 = -4*o + 11. Let i be ((-56)/(-6))/(o/12). Calculate the highest common divisor of i and j.
7
Let l = -22 - -10. Let w be (l/(-8))/((-1)/(-162)) - -2. Calculate the greatest common factor of 49 and w.
49
Let k = 32 + -29. Suppose 6 = k*p + 4*r, 4*p - 8 = 3*r - 0. What is the greatest common divisor of p and 10?
2
Let f(m) = -m + 2. Let c be f(-4). Let v be 128/c*18/(-4). Let x = -42 - v. What is the greatest common divisor of x and 36?
18
Let d be 4 - (-1 - (-8)/12*-6). Let x = -1 + d. Let y be ((-9)/(-12))/((-2)/(-192)). What is the highest common factor of x and y?
8
Let s = -266 + 306. What is the greatest common factor of 100 and s?
20
Suppose -8*h + 5*d = -10*h + 247, 3*d = -3*h + 393. What is the highest common divisor of 17 and h?
17
Let o be 81/((-1)/(-2 + 1)). Let s(v) = -4*v**2 + 43*v - 16. Let f be s(2). Calculate the highest common divisor of f and o.
27
Let t = -106 - -106. Suppose -z + 2*h + 58 = -205, t = 5*z + 5*h - 1240. Calculate the greatest common factor of z and 11.
11
Let w(q) = q**2 + 13*q - 162. Let m be w(9). What is the greatest common factor of m and 63?
9
Let d(q) = q**3 - 8*q**2 + 6*q - 7. Let p be d(7). Let z = 20 + p. Suppose 4*r - 2*a = 8, 4*r = 3*a + 4 + z. Calculate the highest common factor of r and 8.
1
Let q = 25 - 22. Suppose q*g + 0*g + 3 = 0. Let l be (g - 5)*(-56)/21. What is the greatest common factor of 24 and l?
8
Suppose -6*f = -15 + 3. Let d be -4 + 6 + (0 + f - -2). What is the greatest common factor of 162 and d?
6
Suppose 0 = 2*j + 7*j - 72. Suppose -144 = -10*t + j*t. What is the greatest common factor of t and 8?
8
Let s be (11 - 13) + (4 - 1). Let g be ((-21)/(-5) - s)/(22/1155). What is the highest common divisor of g and 24?
24
Suppose s - 61 + 18 = 0. Let p = -28 + s. What is the greatest common divisor of p and 3?
3
Let x = 21 + -20. Suppose -11 = -3*l + 2*c, -2*c + x - 3 = 0. Let j be (-1)/3*l + 37. Calculate the highest common divisor of 54 and j.
18
Let a be 18/(1 - 0) + 2. Suppose 51*y - 45*y - 60 = 0. What is the highest common factor of y and a?
10
Let z(v) = v**2 + 7*v + 2. Let j be z(-9). Let r = 2 - -38. Calculate the highest common divisor of j and r.
20
Let x = 142 - 44. Suppose 2*j - 14 = x. What is the greatest common factor of 8 and j?
8
Suppose 4*p - 405 = p. Let y be ((-4 - -9)*-26)/(-2). Suppose v = 5*x - x - 5, 3*v - y = -4*x. What is the greatest common factor of p and v?
15
Suppose 5*p + 1 = 3*u, 0*p - 12 = -4*u - 4*p. Suppose 5*f - 3*q = 393, 0*f - u*q + 332 = 4*f. Let v = 4 + 5. Calculate the greatest common factor of f and v.
9
Let g = -635 - -749. What is the greatest common factor of g and 18?
6
Let a = -245 - -266. Calculate the greatest common divisor of a and 399.
21
Suppose 108*w = 103*w + 27730. What is the greatest common divisor of 118 and w?
118
Let x(l) = 2*l**2 + l. Let g be x(-2). Suppose w = a - 93, -2*a = -3*w - 43 - 146. Calculate the greatest common factor of a and g.
6
Suppose 1175 = 27*p - 823. What is the greatest common divisor of p and 1147?
37
Let d be (0 - 2) + 1 + 4 + -134. Let v = d - -681. Calculate the greatest common factor of v and 50.
50
Let m(v) = -3*v**2 - 3*v - 11. Let g(k) = k**2. Let p(r) = -4*g(r) - m(r). Let x be p(5). What is the highest common divisor of x and 4?
1
Let s(y) = -22*y + 3. Let q be s(-3). Suppose -12*o + 9*o + 78 = -3*k, o - 8 = -5*k. Calculate the highest common divisor of o and q.
23
Let l(m) = 8*m - 1. Let u be l(1). Let f = 5 - 4. Let z be 9/f*(5 + 2). What is the highest common factor of u and z?
7
Suppose 50 + 10 = 5*m. Let y(z) = -z**2 - 4*z - 14. Let r be y(-3). Let h(i) = -i**2 - 23*i. Let p be h(r). What is the highest common factor of p and m?
12
Let o be 16/((5 - 12) + 5). Let d = 14 + o. What is the greatest common divisor of 66 and d?
6
Let y(r) = r**2 + 7*r + 5. Let m be y(-8). Suppose 0 = 10*l - 7*l - 156. Calculate the greatest common divisor of m and l.
13
Suppose 126 = -2*s + 11*s. Suppose 5*q = -4*k + 939, -4*k + 4*q + 502 = -2*k. Let y = 367 - k. What is the highest common factor of y and s?
14
Suppose x - 9959 = -5*b, 4*b - 57 = 3*x + 7914. What is the highest common factor of 24 and b?
24
Let x be 258/18 + (1 + 2)/(-9). What is the highest common divisor of 119 and x?
7
Suppose 0 = 5*o - 15, 0*o + 156 = 3*x + 5*o. Let y = x + 100. What is the highest common factor of y and 21?
21
Suppose 734 = 11*h - 993. Suppose -h - 93 = -5*o. What is the greatest common factor of 5 and o?
5
Suppose -q - 2595 = -5*f + 3611, -1238 = -f + q. Calculate the greatest common divisor of f and 46.
46
Let q be -2*(-1)/4*22. Let a be 9/((-36)/8) + q. Let b = 16 - 7. What is the highest common divisor of a and b?
9
Let p be 11 + ((-24)/14)/((-54)/252). Suppose 4*v = -v + 760. What is the highest common divisor of p and v?
19
Let b(o) = 24*o**2 + 3*o - 1. Let r be (3 - -2) + 11 + -15. Let l be b(r). Calculate the greatest common factor of 182 and l.
26
Let w be 4/(-10) - (-1324)/10. Let u(f) = -f + 0*f + 2*f + 7. Let i be u(5). What i